y 22 + (2 - -1)*i/24?
14
Suppose 80070 = -46*v + 190*v - 59*v. Calculate the remainder when v is divided by 921.
21
Suppose -3*k + 60 = -78. Let z = 29 - 10. Suppose 0 = 24*i - z*i - 50. What is the remainder when k is divided by i?
6
Suppose 2*h = -2*h + 4*i, 0 = h - 4*i. Let t(v) be the first derivative of -v**3/3 - 4*v**2 + 18*v - 312. What is the remainder when 46 is divided by t(h)?
10
Let i = 39 - 242. Let j = -149 - i. Let r(x) = -x**2 + 5*x + 1. What is the remainder when j is divided by r(4)?
4
Suppose 5*u - 444 - 497 = -4*z, u = 2*z + 163. Calculate the remainder when 435 is divided by u.
73
Suppose 2*o - 161 = -3*i + 391, 3*i - 282 = -o. What is the remainder when o is divided by 65?
10
Let l = -38 + 41. Suppose 0 = 4*m + 3*y - 6*y - 52, -l*y - 62 = -5*m. Let p = -2 + 18. What is the remainder when p is divided by m?
6
Let a(q) = -9*q + 87. Let t be a(12). Let n(w) = -2*w + 37. What is the remainder when n(t) is divided by 5?
4
Let l(j) = -3*j + 2. Let z be l(4). Suppose -5*n + 257 = x, 0 = n + 352*x - 348*x - 59. What is the remainder when n is divided by -6*3/z*5?
6
Suppose h - 5 + 6 = 0, -4*h + 36 = 4*d. Let z(x) = -2*x - 13. Let i be z(-8). Suppose -38 = o - i*o. Calculate the remainder when o is divided by d.
9
Suppose -14*u = 300 + 78. Let v(g) = -g**3 - 27*g**2 + 29. Calculate the remainder when 93 is divided by v(u).
6
Suppose 0 = -32*v + 593 + 619 - 124. What is the remainder when 557 is divided by v?
13
Let q(g) = 12*g**2 + 121*g - 923. Calculate the remainder when q(8) is divided by 122.
81
Let t(v) = -v**2 - 11*v + 9. What is the remainder when (0 - -9)*25/15 is divided by t(-11)?
6
Suppose -2*g + 60 = -10*w + 12*w, 0 = -2*w + 4*g + 48. What is the remainder when 1227 is divided by w?
23
Let v be (1 + -2)/(19/(-114)). Suppose v*o - 7*o + 30 = 0. What is the remainder when 148 is divided by o?
28
What is the remainder when 937 is divided by 11 + (-10)/(-4)*72/(-45)?
6
Let c(v) = -83*v + 2924. What is the remainder when c(30) is divided by 44?
38
Suppose -5*z = -70 + 5. Suppose l + r - 7 = 0, -5*r = -0*r - 20. Suppose -2*a + 174 = 3*b, -2*b - 3*a = l*b - 291. What is the remainder when b is divided by z?
8
Calculate the remainder when ((-1956)/14)/((-42)/392) is divided by 214.
20
Suppose 861 = -27*a + 3660 + 900. What is the remainder when 29315 is divided by a?
134
Suppose -125*q - 24 = -131*q. Suppose -2*u - 4*d = -q*u + 34, 3*u = -d + 16. Calculate the remainder when 31 is divided by u.
3
Let q = -134 + 210. Suppose 11 = -2*z + v + 55, 3*z - q = -v. Suppose 4*h - 32 = -2*r, 0 = -2*h - 0*r - 3*r + 12. What is the remainder when z is divided by h?
6
Let p(s) = -s**2 + 6*s - 11. Suppose 32 + 8 = 10*o. Let g be p(o). What is the remainder when 83 is divided by (-1*1 + 0)*(g + -11)?
13
Let z = -24 - -26. Suppose -3*n - z + 8 = 0. Calculate the remainder when 39 is divided by (n + 1)/((-6)/(-44)).
17
Let f(r) be the first derivative of r**3/3 - 17*r**2/2 + 46*r + 4. Let k(u) be the first derivative of f(u). What is the remainder when 28 is divided by k(14)?
6
Suppose s + 29 + 57 = c, -2*s = -5*c + 412. Calculate the remainder when c is divided by 65.
15
Let b = 25180 + -8043. Calculate the remainder when b is divided by 20.
17
Suppose 2*t + 905 = s, -2*t = 11 - 7. Calculate the remainder when s is divided by 167.
66
Suppose -4*w + 4*b + 937 = b, 3*w - 704 = 2*b. Let t(l) = -23*l - 114. Calculate the remainder when w is divided by t(-6).
22
Let r = 274 - -402. Calculate the remainder when r is divided by 49.
39
Suppose 11294 = 15*v - 1381. Calculate the remainder when v is divided by 26.
13
Let p be 2/10 - (-3)/(-15). Suppose 5*f + 2 + 18 = p, 20 = 3*n + 4*f. Calculate the remainder when 22 is divided by n.
10
Let i be (-3 - -3)/(12/4). Suppose 2*c = o + 11, i*o = c + o - 4. Suppose 0 = c*s + 25, -s = -4*z + 589 - 164. Calculate the remainder when z is divided by 27.
24
Let g(f) = -f**3 - 12*f**2 + 105*f - 19. Let w(j) = -j + 13. What is the remainder when g(-18) is divided by w(0)?
9
Let g be 0 + -1 + (1 - (-3 + 0)). Let y be ((-9)/12)/(8/((-64)/g)). Suppose y*j + 6*j - 64 = 0. Calculate the remainder when j is divided by 4.
0
Suppose 110 = -g - 4*g. Let o = g - -28. Suppose -o*f + 3*f = -390. Calculate the remainder when f is divided by 33.
31
Suppose -3*u + 9 = 5*s - 14, -3*s + 49 = 4*u. Let t(k) = 17*k**2 + 184*k - 24. What is the remainder when u is divided by t(-11)?
7
Suppose -4*z = -2*l + 2, 5*z = -5*l + 2*l + 14. Suppose -l*r = 2*s - 43, 3*r - 26 = -s + 21. Calculate the remainder when 93 is divided by r.
8
Let t(m) = 48*m + 7. Let p be 130/90 + 4/(-18)*2. Calculate the remainder when 162 is divided by t(p).
52
Let s be 2*-38*(-15)/20. Suppose 6*d - s = -13*d. Suppose -316 = -5*i + d*i. Calculate the remainder when i is divided by 20.
18
What is the remainder when 22 is divided by (-60)/(10 + -20) + 16?
0
Suppose 266 + 840 = 30*p - 544. Calculate the remainder when 1318 is divided by p.
53
Calculate the remainder when 5234 is divided by 880/140*(6 + 1).
42
Let y = 9528 + -9119. What is the remainder when y is divided by 387?
22
Suppose -2545 = -47*g + 4458. Calculate the remainder when g is divided by 10.
9
Let c = 20 - 15. Let h(s) = -s**2 - 8*s + 18. Let l(k) = -k + 1. Let f(d) = c*l(d) - h(d). Calculate the remainder when 17 is divided by f(-6).
2
Let c = -3244 - -3321. Calculate the remainder when 609 is divided by c.
70
Suppose 5*l = 2*f - 148, 3*f - 2*l - l - 213 = 0. Let t = 219 - 274. Let a(n) = -3*n - 141. Calculate the remainder when f is divided by a(t).
21
Let w(b) = -43 + 2*b - 5*b - b**2 - 14*b. Let p = -23 + 55. Calculate the remainder when p is divided by w(-13).
5
Suppose 0 = -3*t - 2*v + 5, 5 - 17 = -3*v. Let u be (t + 4 - 7) + 3. Calculate the remainder when (-3)/(78/87 + u) is divided by 6.
5
Let p(m) = -m**3 - 43*m**2 + m + 122. Let v be p(-43). Let j be (-2 - -3*14) + 3. Suppose j + v = t. Calculate the remainder when t is divided by 42.
38
Let a(k) = -k + 91. Let z be a(26). Let m = z - -29. Calculate the remainder when m is divided by 8.
6
What is the remainder when 1099 is divided by (((-72)/32)/9)/(((-12)/976)/3)?
1
Let v = -984 + 1106. Calculate the remainder when 427 is divided by v.
61
Let h(f) = 3*f**3 - 25*f**2 - 14*f - 9. Calculate the remainder when 154 is divided by h(9).
19
Let z(q) = -q**3 - 26*q**2 + 56*q - 8. Let b be z(-28). Let d(o) = 2*o**2 + 17*o + 68. Calculate the remainder when d(b) is divided by 16.
12
Calculate the remainder when (-110704)/(-119) + 28/(-98) is divided by 103.
3
Let m(b) = 3*b**2 - 15*b + 20. Let k be 12/2 + -1 - (-41)/41. Let o = -17 + 31. Calculate the remainder when m(k) is divided by o.
10
Suppose -15*p = 190*p + 67*p - 49776. What is the remainder when 355 is divided by p?
172
Suppose 310 - 303 = -3*w + 2326. What is the remainder when 2328 is divided by w?
9
Suppose 2*l = 4*j - 3790, 955 = j - 46*l + 48*l. What is the remainder when j is divided by 104?
13
Suppose 4*u + 363 = 5*k + 138, 0 = 2*u + 10. Suppose 40*i = k*i. Suppose i = -0*j - 3*j + 9. Calculate the remainder when 20 is divided by j.
2
Let p(b) = 15*b**2 - 3*b + 1. Let d be p(2). Let w = 99 - d. Calculate the remainder when w is divided by 198/24 - -3*3/12.
8
Suppose -42*u = 54*u - 61631 - 53185. Calculate the remainder when u is divided by 30.
26
Suppose 75 = 16*p - 37. Suppose 2*z = -6*z + 424. Suppose -5*f - o + z = 0, -f + 2*o + 14 = -1. What is the remainder when f is divided by p?
4
Let i(m) = m**3 - 7*m**2 + 3*m + 1. Suppose -24 = 10*u - 4. What is the remainder when (155 - (u + -1))/2 is divided by i(7)?
13
Suppose -151 = -3*k - 2*g, -238 = -5*k + g + 18. Let h = -207 + 159. Calculate the remainder when k is divided by 8/h + (-109)/(-6).
15
Let o(p) be the first derivative of 17*p - 7 + 1/2*p**2. What is the remainder when 39 is divided by o(-9)?
7
Let g be (-1 + (1 - -21))*(-168)/(-252). Let x = 14 + 72. Calculate the remainder when x is divided by (g - -7) + 1*-3.
14
Let k = 3090 + -2887. Calculate the remainder when k is divided by 19.
13
Let y(l) = l**3 - l**2 - 3. Let p be (2/(-8) - -2)*-12. Let q = 6 - p. Calculate the remainder when q is divided by y(3).
12
Let v(y) = 17*y**2 + 19*y + 33. Let i be v(-2). What is the remainder when (14/2)/(3/i) is divided by 26?
17
Wha